75321 prime?
True
Is 149723089 a composite number?
True
Is 1308199 a prime number?
False
Is 106912933 composite?
False
Is 59016499 composite?
True
Is 3228293 a composite number?
False
Is 1387211 prime?
False
Is 22005703 a composite number?
False
Is 2901803 composite?
True
Is 11887961 a prime number?
False
Is 1156217 prime?
True
Is 37183145 a composite number?
True
Is 20013457 prime?
False
Is 49991369 composite?
True
Is 3514451 a composite number?
False
Is 34453607 a prime number?
False
Is 28309441 a composite number?
True
Is 7501579 a composite number?
False
Is 17792767 composite?
False
Is 525418007 a prime number?
False
Is 8338441 prime?
False
Is 133693207 a composite number?
True
Is 45461827 a prime number?
True
Is 5658253 composite?
True
Is 14622623 a composite number?
True
Is 917168833 composite?
True
Is 542684347 composite?
False
Is 12425261 a composite number?
False
Is 4735037 a composite number?
False
Is 2236651 prime?
True
Is 47141383 composite?
True
Is 4117487 a prime number?
False
Is 6475169 composite?
True
Is 433433957 prime?
False
Is 40757 composite?
True
Is 72856529 a prime number?
True
Is 7019729 composite?
False
Is 24369221 prime?
True
Is 6542267 prime?
False
Is 3456631 a prime number?
False
Is 3003019 a composite number?
True
Is 3377789 prime?
False
Is 1194203 a composite number?
False
Is 14713579 composite?
True
Is 4373251 composite?
False
Is 40618093 composite?
False
Is 475613 a prime number?
True
Is 3787991 a prime number?
False
Is 2333809 prime?
True
Is 491817791 composite?
False
Is 7156441 composite?
False
Is 7293059 a composite number?
False
Is 3053591 a composite number?
True
Is 281732029 a composite number?
True
Is 4217153 composite?
True
Is 31145369 a composite number?
False
Is 34143953 a composite number?
False
Is 58398841 a prime number?
True
Is 209513143 composite?
True
Is 4485617 a composite number?
False
Is 76229339 a composite number?
True
Is 7720009 composite?
True
Is 99579967 a composite number?
True
Is 5870393 composite?
False
Is 340540511 a prime number?
False
Is 10126051 a composite number?
True
Is 17038045 composite?
True
Is 4155161 composite?
False
Is 24861581 a prime number?
False
Is 76115107 a prime number?
False
Is 17844149 prime?
False
Is 1419463 a prime number?
False
Is 11279507 a composite number?
False
Is 7601645 composite?
True
Is 101937631 composite?
False
Is 4171289 prime?
True
Is 180888593 composite?
True
Is 726323 prime?
False
Is 2906447 prime?
False
Is 207414577 prime?
True
Is 1154449 a prime number?
True
Is 9861881 prime?
True
Is 74825843 a composite number?
True
Is 34383599 composite?
True
Is 2777171 a composite number?
True
Is 36809053 composite?
False
Is 4780987 a composite number?
True
Is 1914197 composite?
False
Is 13482181 prime?
True
Is 307247 a prime number?
False
Is 25210151 a prime number?
True
Is 57078233 a prime number?
True
Is 442302557 a prime number?
False
Is 91719547 composite?
True
Is 7931293 a composite number?
False
Is 470078069 composite?
True
Is 40798258 prime?
False
Is 163005649 composite?
False
Is 31125905 composite?
True
Is 10765207 a composite number?
False
Is 1760491 prime?
True
Is 10609069 a prime number?
False
Is 92272255 prime?
False
Is 769162 composite?
True
Is 425158861 composite?
False
Is 29543585 a composite number?
True
Is 11519279 prime?
True
Is 6935393 a composite number?
False
Is 3221527 a composite number?
True
Is 157106351 a prime number?
True
Is 151686451 a prime number?
False
Is 16551121 a prime number?
False
Is 792551 composite?
False
Is 26521181 a prime number?
False
Is 1395791 prime?
True
Is 37110571 a prime number?
True
Is 43457398 a prime number?
False
Is 715917 composite?
True
Is 48828593 a prime number?
False
Is 191432877 a prime number?
False
Is 9456619 a composite number?
True
Is 4689385 prime?
False
Is 241865803 a prime number?
True
Is 247774389 a prime number?
False
Is 26091467 a composite number?
True
Is 200373 a composite number?
True
Is 1469603 a prime number?
False
Is 4013558 composite?
True
Is 35457727 prime?
True
Is 9131891 composite?
False
Is 3068173 composite?
False
Is 771569 a composite number?
False
Is 2626907 composite?
True
Is 41273159 composite?
False
Is 101732083 a composite number?
False
Is 5892193 composite?
False
Is 2154791 composite?
False
Is 6855257 a prime number?
False
Is 171774827 composite?
True
Is 8664311 composite?
False
Is 146161 prime?
True
Is 1692337 a composite number?
False
Is 206175313 composite?
False
Is 1500613 composite?
False
Is 111981707 composite?
False
Is 896660567 prime?
False
Is 483311 composite?
True
Is 3456069 composite?
True
Is 892321 a prime number?
True
Is 77019069 composite?
True
Is 1530863 prime?
True
Is 94635737 prime?
False
Is 102142679 a composite number?
True
Is 618657987 a composite number?
True
Is 9002611 composite?
True
Is 14137735 a composite number?
True
Is 87132109 a prime number?
False
Is 124293517 a composite number?
False
Is 1015349 prime?
True
Is 4119509 composite?
False
Is 753468823 prime?
True
Is 12149761 prime?
False
Is 22939567 a composite number?
True
Is 5883349 a prime number?
False
Is 2449687 prime?
False
Is 124861183 composite?
False
Is 4740403 composite?
True
Is 60160921 a prime number?
True
Is 5173211 prime?
True
Is 6901703 a prime number?
False
Is 2455788929 a prime number?
False
Is 3531659 prime?
True
Is 827321 prime?
False
Is 28561733 prime?
False
Is 26006899 prime?
True
Is 37243 a composite number?
False
Is 19737899 prime?
True
Is 1376689 prime?
False
Is 13933087 a prime number?
False
Is 27164213 composite?
True
Is 230999 a composite number?
False
Is 131188147 a prime number?
True
Is 190705715 prime?
False
Is 56528243 prime?
False
Is 3181471 prime?
True
Is 12510871 a prime number?
True
Is 38309167 a composite number?
True
Is 7289263 a composite number?
True
Is 122560091 composite?
False
Is 6775157 a prime number?
True
Is 31647731 a prime number?
False
Is 1529647 prime?
False
Is 123439097 a prime number?
True
Is 925513 prime?
True
Is 99895843 a composite number?
False
Is 64003493 prime?
False
Is 536569 a composite number?
True
Is 3717031 a prime number?
True
Is 336307 a composite number?
False
Is 29368463 a prime number?
True
Is 59819723 composite?
False
Is 75743 a composite number?
False
Is 5925097 composite?
False
Is 4558877 a prime number?
False
Is 2068589 a prime number?
True
Is 109607357 composite?
True
Is 6261539 composite?
False
Is 291837607 a prime number?
True
Is 5620199 prime?
False
Is 1106029 a prime number?
True
Is 11589841 composite?
False
Is 37710917 a prime number?
True
Is 104227 prime?
False
Is 36876683 composite?
False
Is 72089278 a prime number?
False
Is 163992667 a prime number?
False
Is 160447 prime?
False
Is 463579331 prime?
True
Is 8016839 a composite number?
False
Is 149869546 composite?
True
Is 51428323 prime?
False
Is 279691037 composite?
False
Is 124696877 a composite number?
False
Is 90903421 a composite number?
True
Is 900744171 a prime number?
False
Is 35664193 a prime number?
False
Is 2584001 a composite number?
True
Is 45588311 a prime number?
False
Is 26880067 prime?
True
Is 170677735 prime?
False
Is 5723589 a prime number?
False
Is 63372427 a prime number?
True
Is 485311573 composite?
True
Is 26662991 composite?
False
Is 11920367 composite?
False
Is 82279663 a prime number?
True
Is 832771 composite?
False
Is 1139951 a composite number?
False
Is 8605103 prime?
False
Is 39357917 composite?
True
Is 320538869 a composite number?
True
Is 13963 a composite number?
False
Is 439481269 a composite number?
True
Is 512143 composite?
True
Is 1775027 prime?
False
Is 182408311 prime?
True
Is 30815861 composite?
False
Is 2754223 composite?
True
Is 70936687 a prime number?
True
Is 4273199 prime?
False
Is 4475857 composite?
True
Is 52708709 prime?
False
Is 16870933 a composite number?
False
Is 14152441 prime?
True
Is 51958999 a composite number?
True
Is 25722457 composite?
True
Is 48838721 composite?
True
Is 133404519 a composite number?
True
Is 11093413 a composite number?
False
Is 1905251 a prime number?
False
Is 5771035 a prime number?
False
Is 631558 composite?
True
Is 1087061 composite?
False
Is 2999767 a composite number?
False
Is 24364451 a prime number?
False
Is 902516333 a composite number?
True
Is 503515847 a prime number?
False
Is 991006